High Wych Weather

NOAA Style Reports for High Wych, Hertfordshire


Report for 2020 Jul
                   Monthly Climatological Summary for Jul 2020

Name: High Wych Weather   City: High Wych, Sawbridgeworth   State: Herts
Elevation: 72 m  Lat: N 51° 48' 26"   Lon: E 000° 07' 20"

                  Temperature (°C), Rain (mm), Wind Speed (mph)

                                      Heat  Cool        Avg
    Mean                              Deg   Deg         Wind                 Dom
Day Temp  High   Time   Low    Time   Days  Days  Rain  Speed High   Time    Dir
----------------------------------------------------------------------------------
 1  17.7  22.4   14:27  14.7   05:51   0.0   2.8   0.0   2.2  12.5   14:30   WNW
 2  14.9  18.2   13:55  10.2   05:30   0.9   0.8  26.4   1.1  10.0   12:40   WNW
 3  15.5  21.8   14:47  10.1   04:40   1.1   1.6   0.6   2.3  15.0   18:42   WNW
 4  17.3  20.5   13:28  14.5   00:00   0.0   2.3   0.0   2.7  16.3   11:12   WNW
 5  17.6  21.4   13:57  12.7   23:59   0.2   2.8   0.6   4.6  17.5   18:04   WNW
 6  14.7  19.2   19:09  10.7   05:22   1.3   1.0   0.2   3.8  18.8   10:20   WNW
 7  14.4  19.6   12:10   9.2   02:25   1.9   1.2   4.6   1.5  11.3   16:12   WNW
 8  15.9  19.4   16:58  13.1   00:00   0.4   1.3  10.2   0.5   7.5   12:00   WNW
 9  16.3  18.3   13:08  14.0   23:55   0.0   1.3  17.4   1.5  10.0   04:47   WNW
10  14.2  18.3   16:28  11.4   23:56   1.3   0.5   0.6   2.9  16.3   10:19   WNW
11  14.3  19.7   17:35   8.4   04:47   1.9   1.2   0.0   2.0  13.8   07:18   WNW
12  16.9  24.2   19:56   8.1   05:13   1.7   3.5   0.0   0.5   8.8   13:01   WNW
13  17.8  24.1   12:55  11.3   04:24   0.6   3.5   2.8   1.7  15.0   18:37   WNW
14  16.6  19.9   10:27  13.8   23:50   0.1   1.7   4.4   1.5  12.5   17:46   WNW
15  14.7  18.3   12:51  10.1   03:55   1.2   0.9   0.0   1.3  11.3   17:29   WNW
16  17.2  20.7   16:12  14.2   06:19   0.1   2.3   0.0   2.9  13.8   07:32   WNW
17  20.8  27.1   17:27  16.0   04:32   0.0   5.8   0.0   1.4  10.0   11:33   WNW
18  18.5  23.8   13:56  13.8   03:06   0.2   3.7   0.0   1.4  12.5   15:15   WNW
19  16.6  20.9   18:41  13.4   07:29   0.3   1.9   1.0   0.8  10.0   18:43    NW
20  15.7  21.9   15:40   9.6   05:08   1.6   2.3   0.0   1.2  13.8   16:21   WNW
21  15.5  21.9   15:59   8.6   04:52   1.7   2.1   0.0   0.8  12.5   12:33   WNW
22  19.0  25.6   17:59  12.4   05:49   0.4   4.4   0.0   1.3  11.3   16:21   WNW
23  19.0  25.5   16:02  12.3   05:12   0.3   4.3   0.0   2.0  13.8   18:06   WNW
24  19.3  24.2   17:10  15.0   05:09   0.0   4.3   0.8   1.5  10.0   13:53   WNW
25  17.8  23.2   13:11  13.2   23:50   0.1   2.9   4.8   1.6  13.8   16:00   WNW
26  16.2  22.5   15:42  11.1   05:39   0.9   2.1   2.2   1.5  10.0   15:08   WNW
27  17.1  20.6   18:05  14.6   23:59   0.0   2.1   1.2   2.2  20.0   11:02    NW
28  15.3  20.4   16:32  10.7   04:34   1.1   1.4   0.0   3.5  16.3   15:13   WNW
29  16.0  22.5   18:01   8.3   04:50   1.8   2.9   0.0   1.4  12.5   11:44   WNW
30  21.1  29.6   16:18  12.9   05:10   0.3   6.4   0.0   0.7  10.0   16:37   ESE
31  24.8  35.6   16:42  15.2   04:50   0.0   9.8   0.0   2.0  16.3   16:30     E
----------------------------------------------------------------------------------
    17.1  35.6    31     8.1    12    21.4  85.1  77.8   1.8  20.0    27     WNW

Max >=  27.0:  3
Max <=   0.0:  0
Min <=   0.0:  0
Min <=  -5.0:  0
Max Rain: 26.4 on day 2
Days of Rain: 15 (>= 0.2 mm)  8 (>= 2.0 mm)  2 (>= 15.0 mm)
Heat Base: 15.0  Cool Base: 15.0  Method: Integration
:now::gauges::console::today/yesterday::month/year::records: noaa reports::annual data::wind map::monthly records::trends::longrange forecast::rainfall radar::webcam