High Wych Weather

NOAA Style Reports for High Wych, Hertfordshire


Report for 2020 Aug
                   Monthly Climatological Summary for Aug 2020

Name: High Wych Weather   City: High Wych, Sawbridgeworth   State: Herts
Elevation: 72 m  Lat: N 51° 48' 26"   Lon: E 000° 07' 20"

                  Temperature (°C), Rain (mm), Wind Speed (mph)

                                      Heat  Cool        Avg
    Mean                              Deg   Deg         Wind                 Dom
Day Temp  High   Time   Low    Time   Days  Days  Rain  Speed High   Time    Dir
----------------------------------------------------------------------------------
 1  20.7  25.6   14:46  15.4   06:21   0.0   5.7   0.0   2.5  12.5   12:48   WNW
 2  17.7  23.4   14:49  11.1   05:57   0.6   3.3   0.0   2.2  11.3   09:21   WNW
 3  17.0  21.7   15:56  13.1   23:57   0.3   2.3   0.0   1.6  13.8   13:11   WNW
 4  17.0  23.3   17:16   8.7   05:59   1.4   3.4   0.0   1.4  12.5   10:09   WNW
 5  20.0  26.3   14:19  15.1   04:02   0.0   5.0   0.0   2.0  15.0   13:51   WNW
 6  21.7  28.9   18:08  17.8   01:42   0.0   6.7   0.0   0.8   8.8   14:44     E
 7  25.1  35.6   16:57  14.2   05:53   0.0  10.1   0.0   0.5  13.8   18:40    SE
 8  23.8  31.3   15:33  17.3   23:54   0.0   8.8   0.0   0.7  10.0   16:24     N
 9  23.6  32.2   14:47  16.6   05:30   0.0   8.6   0.0   1.5  18.8   14:43    NE
10  24.9  34.3   14:51  16.9   06:16   0.0   9.9   1.0   0.9  10.0   14:58     E
11  25.5  34.0   17:50  18.7   04:35   0.0  10.5   0.0   0.6   8.8   13:16     E
12  25.5  34.1   13:31  19.1   05:38   0.0  10.4   0.2   0.8  13.8   16:19     E
13  20.2  24.3   11:37  17.1   23:22   0.0   5.2  20.6   0.8  12.5   11:44   NNW
14  17.1  18.9   16:49  16.0   06:51   0.0   2.1  15.2   0.5   8.8   01:42   WNW
15  18.0  20.8   16:34  16.3   06:33   0.0   3.0   4.0   0.1   6.3   15:17   NNE
16  18.6  24.2   13:55  15.7   22:34   0.0   3.6  14.6   0.0  10.0   14:44   NNW
17  16.8  22.8   16:37  14.0   03:22   0.1   2.0   3.4   0.1  11.3   17:16   ESE
18  18.5  23.4   16:56  14.8   03:00   0.0   3.5   3.6   0.8  12.5   14:18   WNW
19  17.6  19.4   23:14  14.6   05:26   0.0   2.6   9.8   1.0  12.5   12:55   ESE
20  20.3  25.8   15:16  15.5   06:54   0.0   5.3   0.2   1.5  16.3   12:24   NNW
21  19.7  22.6   15:12  17.2   23:03   0.0   4.7   0.0   3.6  22.5   04:44    NW
22  18.2  23.2   14:26  14.2   06:18   0.0   3.2   0.2   2.9  15.0   17:04   WNW
23  17.1  22.0   15:49  14.3   03:46   0.1   2.2   1.2   2.6  11.3   02:34   WNW
24  16.4  22.7   17:17  11.4   02:59   1.0   2.3   0.0   1.2  11.3   12:45   WNW
25  17.1  20.7   15:04  15.1   07:18   0.0   2.1   7.2   3.3  20.0   09:39   WNW
26  17.1  20.4   17:51  14.5   23:58   0.0   2.1   0.0   4.5  21.3   02:11   WNW
27  14.7  18.4   15:08  11.7   06:43   1.1   0.7  11.2   1.0  12.5   23:37    NW
28  13.4  16.6   15:17  10.9   21:30   1.7   0.1   8.6   2.3  22.5   20:26   WNW
29  11.8  13.7   11:23  10.7   00:28   3.2   0.0   1.0   4.5  25.0   01:49   WNW
30  13.0  16.7   16:07  10.4   23:53   2.2   0.2   0.0   2.1  18.8   00:59     W
31  12.2  17.6   13:46   6.7   06:02   3.3   0.5   0.0   0.4   8.8   10:56     W
----------------------------------------------------------------------------------
    18.7  35.6     7     6.7    31    15.0 130.1 102.0   1.6  25.0    29     WNW

Max >=  27.0:  7
Max <=   0.0:  0
Min <=   0.0:  0
Min <=  -5.0:  0
Max Rain: 20.6 on day 13
Days of Rain: 16 (>= 0.2 mm)  10 (>= 2.0 mm)  2 (>= 15.0 mm)
Heat Base: 15.0  Cool Base: 15.0  Method: Integration
:now::gauges::console::today/yesterday::month/year::records: noaa reports::annual data::wind map::monthly records::trends::longrange forecast::rainfall radar::webcam