High Wych Weather

NOAA Style Reports for High Wych, Hertfordshire


Report for 2020 Oct
                   Monthly Climatological Summary for Oct 2020

Name: High Wych Weather   City: High Wych, Sawbridgeworth   State: Herts
Elevation: 72 m  Lat: N 51° 48' 26"   Lon: E 000° 07' 20"

                  Temperature (°C), Rain (mm), Wind Speed (mph)

                                      Heat  Cool        Avg
    Mean                              Deg   Deg         Wind                 Dom
Day Temp  High   Time   Low    Time   Days  Days  Rain  Speed High   Time    Dir
----------------------------------------------------------------------------------
 1  11.7  15.3   15:12   9.1   20:43   3.3   0.0   1.2   0.9   8.8   09:27   WNW
 2  11.7  13.3   23:51   9.1   00:00   3.3   0.0  29.2   2.5  17.5   06:32   ENE
 3  12.9  14.7   15:50  10.3   23:56   2.1   0.0  25.6   1.2  15.0   01:49    NE
 4   9.3  10.3   00:00   8.3   05:04   5.7   0.0  24.4   1.1  16.3   14:04    NW
 5  11.7  16.6   14:56   8.7   04:55   3.3   0.1   0.4   1.9  11.3   16:28   WNW
 6  11.8  16.2   14:22   9.4   23:51   3.2   0.1   7.4   2.2  16.3   20:20   WNW
 7  11.2  15.7   14:49   8.0   07:20   3.8   0.0   2.0   2.4  15.0   11:07   WNW
 8  12.9  17.1   12:38   7.3   23:57   2.2   0.1   5.4   2.3  20.0   13:17   WNW
 9   8.3  13.8   12:12   5.4   03:56   6.7   0.0   0.4   1.1  12.5   12:51   WNW
10   8.0  12.9   15:54   3.9   06:20   7.0   0.0   7.2   2.5  15.0   13:20   WNW
11   8.8  13.1   15:11   5.1   02:49   6.2   0.0   0.2   2.1  13.8   12:18   WNW
12   8.5  12.9   14:46   5.0   01:36   6.4   0.0   3.8   0.4   8.8   12:52   WNW
13   8.6  10.2   14:11   6.9   03:43   6.4   0.0   6.2   1.2  10.0   20:10    NW
14   9.4  13.3   11:55   6.8   06:27   5.6   0.0   2.6   0.7  17.5   12:11   NNE
15   8.9  13.1   13:46   6.6   06:58   6.1   0.0   0.4   0.7  15.0   12:35     N
16   9.0  12.1   15:06   6.1   07:53   6.0   0.0   0.2   0.2   8.8   13:27   NNE
17   9.3  12.1   12:39   8.3   07:50   5.7   0.0   0.2   0.4   7.5   12:57   WNW
18   9.5  11.8   14:21   7.9   06:24   5.5   0.0   0.6   0.1   5.0   05:24   WNW
19  11.2  14.7   15:05   8.6   06:48   3.8   0.0   0.0   1.3  15.0   12:07   ESE
20  14.0  17.7   13:17  10.5   01:21   1.6   0.5   0.4   1.6  13.8   12:08   ESE
21  13.6  14.9   14:36  12.2   23:58   1.4   0.0  18.6   0.8  15.0   22:52   WNW
22  12.3  14.9   12:38  10.6   22:48   2.7   0.0   0.0   1.7  12.5   05:27   WNW
23  11.8  15.5   15:04   6.7   23:35   3.2   0.0   0.0   1.3  11.3   10:18   WNW
24  11.4  15.6   18:28   6.4   01:18   3.6   0.0  10.6   2.3  27.5   19:19    SE
25   9.3  12.2   15:05   7.0   23:59   6.0   0.0   3.0   0.8  12.5   10:12     W
26   8.2  12.7   14:57   5.4   23:54   6.8   0.0   0.6   1.1  10.0   11:32   WNW
27   8.3  12.8   15:43   5.2   02:35   6.7   0.0   3.4   1.1  20.0   13:50   SSW
28   8.5  12.5   12:08   6.4   23:18   6.5   0.0   2.0   2.1  20.0   15:22     W
29  10.6  13.8   21:36   6.0   00:24   4.4   0.0   3.4   2.2  11.3   18:25     W
30  14.4  15.6   12:11  13.5   01:54   0.7   0.1   1.6   2.4  13.8   09:02     W
31  12.2  15.7   10:51   9.0   17:59   2.8   0.0   9.8   2.6  21.3   09:24   SSE
----------------------------------------------------------------------------------
    10.6  17.7    20     3.9    10   138.7   0.9 170.8   1.4  27.5    24     WNW

Max >=  27.0:  0
Max <=   0.0:  0
Min <=   0.0:  0
Min <=  -5.0:  0
Max Rain: 29.2 on day 2
Days of Rain: 28 (>= 0.2 mm)  17 (>= 2.0 mm)  4 (>= 15.0 mm)
Heat Base: 15.0  Cool Base: 15.0  Method: Integration
:now::gauges::console::today/yesterday::month/year::records: noaa reports::annual data::wind map::monthly records::trends::longrange forecast::rainfall radar::webcam