High Wych Weather

NOAA Style Reports for High Wych, Hertfordshire


Report for 2020 Nov
                   Monthly Climatological Summary for Nov 2020

Name: High Wych Weather   City: High Wych, Sawbridgeworth   State: Herts
Elevation: 72 m  Lat: N 51° 48' 26"   Lon: E 000° 07' 20"

                  Temperature (°C), Rain (mm), Wind Speed (mph)

                                      Heat  Cool        Avg
    Mean                              Deg   Deg         Wind                 Dom
Day Temp  High   Time   Low    Time   Days  Days  Rain  Speed High   Time    Dir
----------------------------------------------------------------------------------
 1  13.8  16.7   21:35   9.6   00:00   1.7   0.5   0.2   3.8  22.5   23:18     W
 2  12.7  16.9   01:43   5.4   23:56   2.8   0.5   1.2   4.6  22.5   01:20     W
 3   6.2   9.1   14:23   2.7   23:27   8.8   0.0   7.4   1.8  13.8   15:16   WNW
 4   4.4  10.5   12:54   0.0   07:37  10.6   0.0   0.0   0.4   8.8   13:08   WNW
 5   4.0   9.9   15:08   0.3   04:38  10.9   0.0   0.2   0.0   2.5   06:49   WNW
 6   6.4  10.7   12:10   2.0   04:09   8.6   0.0   0.2   0.6  12.5   11:34     E
 7   8.9  14.2   14:20   4.2   06:17   6.1   0.0   0.0   0.5   7.5   10:47   ENE
 8  12.1  15.3   13:20   9.6   00:00   2.9   0.0   1.4   0.1   6.3   00:57     E
 9  12.7  14.8   14:15  10.9   07:56   2.3   0.0   3.6   0.1   6.3   10:03   ESE
10  11.4  14.2   15:07   8.0   23:18   3.6   0.0   0.2   0.1   5.0   12:40     W
11  10.5  12.6   12:54   6.6   03:13   4.4   0.0   3.4   1.7  21.3   23:30    SE
12   9.8  11.8   11:57   8.0   07:17   5.2   0.0   0.0   1.7  13.8   00:05     W
13   9.6  11.8   09:08   8.3   18:15   5.4   0.0   0.2   1.0  16.3   09:18   WSW
14  11.6  13.6   10:25   8.3   00:14   3.4   0.0   9.2   2.1  18.8   18:24     S
15  10.2  13.3   04:03   6.7   23:38   4.8   0.0  13.2   2.8  17.5   09:45     W
16   9.7  12.2   23:26   6.4   01:13   5.3   0.0   1.0   2.9  12.5   22:54     W
17  12.5  13.9   12:26  11.3   08:13   2.5   0.0   0.0   3.6  15.0   11:00     W
18  11.6  15.6   12:01   6.9   23:49   3.4   0.0   0.2   2.9  17.5   13:51     W
19   6.5   9.1   09:01   1.2   23:44   8.5   0.0   0.4   2.6  17.5   13:55   WNW
20   5.1  10.1   23:50  -0.6   05:24   9.9   0.0   1.4   1.0  12.5   23:45     W
21  10.4  11.4   12:51   9.4   02:12   4.6   0.0   0.0   3.3  13.8   09:53     W
22   6.8  10.4   00:00   1.2   23:31   8.2   0.0   0.2   0.6   7.5   02:47   WNW
23   4.8   9.1   14:32   0.1   04:18  10.2   0.0   0.0   0.2   8.8   20:03    SW
24   9.6  11.4   13:46   7.2   23:49   5.4   0.0   0.0   1.1  12.5   13:40     S
25   8.5  12.7   13:13   4.6   23:59   6.5   0.0   0.2   0.8  12.5   14:25     W
26   3.8   7.6   12:24  -1.4   23:26  11.2   0.0   0.0   0.0   2.5   12:03    NW
27   1.2   4.9   23:52  -2.7   06:37  13.8   0.0   0.4   0.2   7.5   14:49   NNE
28   8.1  10.4   13:46   4.9   00:00   6.8   0.0   0.0   0.7  11.3   10:40     E
29   6.6   8.2   00:46   5.6   21:48   8.4   0.0   0.0   0.1   6.3   00:52   NNE
30   6.3   9.1   18:43   4.8   06:19   8.7   0.0   1.4   1.9  20.0   20:21   WNW
----------------------------------------------------------------------------------
     8.5  16.9     2    -2.7    27   194.9   1.0  45.6   1.4  22.5     1       W

Max >=  27.0:  0
Max <=   0.0:  0
Min <=   0.0:  4
Min <=  -5.0:  0
Max Rain: 13.2 on day 15
Days of Rain: 20 (>= 0.2 mm)  5 (>= 2.0 mm)  0 (>= 15.0 mm)
Heat Base: 15.0  Cool Base: 15.0  Method: Integration
:now::gauges::console::today/yesterday::month/year::records: noaa reports::annual data::wind map::monthly records::trends::longrange forecast::rainfall radar::webcam