High Wych Weather

NOAA Style Reports for High Wych, Hertfordshire


Report for 2020 Dec
                   Monthly Climatological Summary for Dec 2020

Name: High Wych Weather   City: High Wych, Sawbridgeworth   State: Herts
Elevation: 72 m  Lat: N 51° 48' 26"   Lon: E 000° 07' 20"

                  Temperature (°C), Rain (mm), Wind Speed (mph)

                                      Heat  Cool        Avg
    Mean                              Deg   Deg         Wind                 Dom
Day Temp  High   Time   Low    Time   Days  Days  Rain  Speed High   Time    Dir
----------------------------------------------------------------------------------
 1   4.5   7.1   13:35   2.7   21:19  10.5   0.0   0.0   2.7  16.3   12:17   WNW
 2   3.5   6.4   14:29   0.7   07:03  11.5   0.0   0.0   0.2   3.8   00:01     W
 3   4.3   6.2   15:11   3.0   01:53  10.7   0.0  15.6   0.4  10.0   10:07   SSE
 4   3.1   4.1   02:36   1.4   06:13  11.8   0.0   9.6   1.8  13.8   03:59     W
 5   3.5   7.1   13:09   1.2   00:27  11.5   0.0   0.0   0.7  10.0   13:04     E
 6   1.5   3.7   14:09  -0.3   20:19  13.5   0.0   0.2   0.3   6.3   07:19     N
 7   0.6   1.2   12:44  -0.4   08:07  14.4   0.0   0.2   0.1   6.3   13:07    NW
 8   0.9   3.4   23:55  -1.3   08:22  14.1   0.0   3.6   0.0   3.8   10:56   ---
 9   4.4   5.7   11:29   3.4   00:00  10.6   0.0   3.4   0.5   7.5   11:15     W
10   5.3   6.2   22:08   4.0   00:00   9.7   0.0   0.0   1.0  11.3   09:29    SE
11   7.6   9.5   14:06   5.4   20:38   7.4   0.0   8.8   0.1   6.3   00:39    SE
12   5.9   7.8   11:15   0.9   23:19   9.1   0.0   1.6   1.1  12.5   11:25   WNW
13   5.6  10.8   21:22   0.1   02:33   9.4   0.0   5.0   1.2  15.0   16:18    SE
14   9.5  11.5   12:26   6.8   23:57   5.5   0.0   4.8   1.5  15.0   02:23    SW
15   7.5  10.3   12:54   5.7   06:03   7.5   0.0   0.4   0.4  10.0   14:21   SSW
16   7.8  10.1   13:23   6.2   01:38   7.1   0.0   2.2   1.5  16.3   10:49   SSE
17   8.0  10.0   23:59   4.8   08:17   7.0   0.0   0.0   1.4  12.5   23:26   WSW
18  10.8  11.4   19:20   9.9   00:00   4.2   0.0   0.6   3.0  21.3   09:14     S
19   9.3  11.1   13:05   6.9   23:31   5.7   0.0   3.6   2.3  16.3   13:34    SW
20   6.8   9.1   12:15   4.1   21:59   8.2   0.0   0.6   1.2  15.0   05:43     W
21   9.8  13.0   15:58   4.6   00:17   5.2   0.0   9.0   2.2  15.0   21:01     W
22   9.3  12.7   00:16   7.9   17:34   5.7   0.0   1.6   1.1  16.3   04:31     W
23  10.1  12.2   13:41   5.6   23:54   4.9   0.0   7.6   0.7  25.0   23:20     N
24   3.5   5.7   00:07   1.9   19:32  11.5   0.0   2.0   5.0  26.3   01:41   WNW
25   1.0   3.1   14:04  -0.6   22:21  14.0   0.0   0.0   1.9  17.5   00:11   WNW
26   5.5  10.1   23:33  -0.3   01:48   9.5   0.0   0.2   3.7  26.3   22:33     W
27   4.8   9.4   00:00   0.1   22:00  10.2   0.0  10.0   3.0  26.3   01:24     W
28   0.6   2.1   19:03  -1.2   04:50  14.3   0.0   0.4   0.8  11.3   21:56    NW
29   1.5   3.1   19:45   0.0   08:00  13.5   0.0   0.0   1.2  10.0   00:02   WNW
30   0.3   3.5   14:13  -2.2   23:45  14.7   0.0   0.2   0.3   6.3   14:00   WNW
31  -1.0   0.4   20:36  -2.9   01:34  16.0   0.0   0.0   0.7   7.5   11:40   WNW
----------------------------------------------------------------------------------
     5.0  13.0    21    -2.9    31   308.9   0.0  91.2   1.4  26.3    24       W

Max >=  27.0:  0
Max <=   0.0:  0
Min <=   0.0:  9
Min <=  -5.0:  0
Max Rain: 15.6 on day 3
Days of Rain: 23 (>= 0.2 mm)  13 (>= 2.0 mm)  1 (>= 15.0 mm)
Heat Base: 15.0  Cool Base: 15.0  Method: Integration
:now::gauges::console::today/yesterday::month/year::records: noaa reports::annual data::wind map::monthly records::trends::longrange forecast::rainfall radar::webcam