High Wych Weather

NOAA Style Reports for High Wych, Hertfordshire


Report for 2021 Jan
                   Monthly Climatological Summary for Jan 2021

Name: High Wych Weather   City: High Wych, Sawbridgeworth   State: Herts
Elevation: 72 m  Lat: N 51° 48' 26"   Lon: E 000° 07' 20"

                  Temperature (°C), Rain (mm), Wind Speed (mph)

                                      Heat  Cool        Avg
    Mean                              Deg   Deg         Wind                 Dom
Day Temp  High   Time   Low    Time   Days  Days  Rain  Speed High   Time    Dir
----------------------------------------------------------------------------------
 1   1.2   3.4   19:32  -1.2   05:03  13.8   0.0   0.2   0.7  11.3   19:21   WNW
 2   2.0   4.0   13:43  -0.1   19:51  13.0   0.0   0.0   1.1  10.0   03:09   WNW
 3   2.6   5.2   13:26   0.4   00:00  12.4   0.0   0.6   2.3  15.0   10:35   NNE
 4   2.7   4.4   11:55   1.1   01:25  12.3   0.0   0.0   4.2  20.0   10:29   NNE
 5   2.3   3.8   13:50   0.4   04:56  12.7   0.0   0.6   3.7  18.8   07:43   NNE
 6   2.4   4.9   13:36   0.2   20:45  12.6   0.0   0.0   2.1  15.0   00:05   NNE
 7  -0.2   2.7   13:14  -2.5   23:59  15.2   0.0   0.0   0.8   8.8   12:46   WNW
 8  -1.2  -0.1   20:45  -3.3   01:01  16.2   0.0   0.0   0.4   7.5   21:57   NNE
 9  -1.6  -0.1   00:19  -3.3   20:24  16.6   0.0   0.0   0.2   7.5   02:33     N
10   0.4   2.8   21:26  -2.5   00:00  14.6   0.0   0.2   0.3   6.3   00:08     W
11   5.5   7.4   14:15   0.0   00:01   9.5   0.0   1.4   2.7  11.3   12:01     W
12   4.5   8.4   05:29  -1.0   23:32  10.5   0.0   2.8   1.7  13.8   05:35   WNW
13   2.5   5.1   15:01  -1.3   01:16  12.5   0.0   8.6   0.0   7.5   23:36     E
14   2.6   4.1   06:32   0.3   23:54  12.4   0.0  22.8   1.8  17.5   10:09     E
15   0.5   2.3   15:33  -0.7   21:18  14.5   0.0   0.0   0.1   7.5   00:28   WNW
16   3.3   6.1   14:37  -0.1   00:00  11.7   0.0   7.4   1.0  18.8   06:43     S
17   4.2   6.7   13:14   0.3   23:07  10.9   0.0   0.0   2.2  15.0   11:23   WNW
18   4.0   7.8   23:34   0.2   01:37  11.0   0.0   0.2   1.4  15.0   22:43     W
19   9.8  11.4   10:41   7.8   00:00   5.2   0.0   3.0   4.7  21.3   19:45     W
20   9.5  10.1   00:00   7.9   23:59   5.5   0.0   3.2   4.4  28.8   22:26   WSW
21   4.8   7.9   00:00   2.1   23:58  10.2   0.0   0.8   3.7  18.8   09:29     W
22   2.1   6.2   13:58  -1.9   08:02  12.9   0.0   0.6   0.6   8.8   19:14     W
23   0.7   3.1   15:37  -2.5   23:16  14.3   0.0   0.2   1.2  11.3   14:55   WNW
24  -0.9   0.9   11:52  -3.8   03:25  15.9   0.0   2.6   0.6  12.5   23:08    NE
25  -0.2   3.0   14:22  -3.6   07:31  15.2   0.0   1.0   1.6  12.5   11:25   WNW
26   1.4   5.4   23:30  -3.3   02:39  13.6   0.0   3.8   0.4   8.8   21:07   SSW
27   6.8   9.4   14:08   4.3   08:07   8.1   0.0   1.8   0.2   5.0   23:12     W
28   9.8  11.9   14:27   7.4   00:00   5.2   0.0  16.4   1.9  13.8   09:30     W
29   8.5  10.1   13:11   7.2   23:30   6.5   0.0   3.0   2.6  15.0   13:14     W
30   3.2   7.2   00:00   1.2   23:52  11.8   0.0  16.2   2.8  17.5   05:05   ENE
31   1.7   3.4   11:35  -0.6   06:15  13.3   0.0   0.8   1.9  13.8   13:00   ENE
----------------------------------------------------------------------------------
     3.1  11.9    28    -3.8    24   370.1   0.0  98.2   1.7  28.8    20      NW

Max >=  27.0:  0
Max <=   0.0:  2
Min <=   0.0: 17
Min <=  -5.0:  0
Max Rain: 22.8 on day 14
Days of Rain: 23 (>= 0.2 mm)  11 (>= 2.0 mm)  3 (>= 15.0 mm)
Heat Base: 15.0  Cool Base: 15.0  Method: Integration
:now::gauges::console::today/yesterday::month/year::records: noaa reports::annual data::wind map::monthly records::trends::longrange forecast::rainfall radar::webcam