High Wych Weather

NOAA Style Reports for High Wych, Hertfordshire


Report for 2021 Feb
                   Monthly Climatological Summary for Feb 2021

Name: High Wych Weather   City: High Wych, Sawbridgeworth   State: Herts
Elevation: 72 m  Lat: N 51° 48' 26"   Lon: E 000° 07' 20"

                  Temperature (°C), Rain (mm), Wind Speed (mph)

                                      Heat  Cool        Avg
    Mean                              Deg   Deg         Wind                 Dom
Day Temp  High   Time   Low    Time   Days  Days  Rain  Speed High   Time    Dir
----------------------------------------------------------------------------------
 1   2.6   3.3   12:22   1.0   19:41  12.4   0.0   0.2   0.8   8.8   01:08     N
 2   7.9  12.0   15:00   2.6   00:00   7.1   0.0   5.4   1.9  12.5   21:04     W
 3   7.5  10.0   13:10   3.2   22:45   7.5   0.0   0.0   1.7  15.0   01:13     W
 4   5.4   7.8   14:43   1.9   05:13   9.6   0.0  11.2   0.3   8.8   13:21    SE
 5   7.0  10.3   14:35   4.6   08:36   8.0   0.0   1.6   0.3   6.3   13:57   WSW
 6   5.2   7.1   13:33   2.8   23:40   9.8   0.0   7.2   1.5  17.5   22:29   NNE
 7   0.4   2.8   00:00  -2.1   23:57  14.6   0.0   0.0   7.3  30.0   14:49   NNE
 8  -2.1  -1.6   16:30  -3.1   04:47  17.1   0.0   0.0   4.4  23.8   05:05   NNE
 9  -1.5   0.4   14:15  -3.8   07:30  16.5   0.0   0.0   2.0  16.3   16:46    NE
10  -1.2   1.9   15:19  -3.6   23:39  16.2   0.0   0.0   2.2  13.8   00:03   NNE
11  -2.4   0.1   15:02  -4.8   07:21  17.2   0.0   0.0   1.0  18.8   12:50   ESE
12  -1.5   0.3   09:50  -2.4   02:16  16.4   0.0   0.0   2.6  21.3   14:27   ESE
13  -1.6  -0.1   23:01  -3.8   04:48  16.6   0.0   0.0   2.0  16.3   09:30   ESE
14   1.3   2.7   20:48  -0.3   00:00  13.7   0.0   2.0   2.1  17.5   21:17    SE
15   7.4  12.1   14:56   2.6   00:00   7.6   0.0   1.4   1.2  10.0   13:08   WSW
16   8.6   9.7   12:55   6.7   23:58   6.4   0.0   2.0   1.8  12.5   02:59   WSW
17   9.0  11.2   14:17   6.6   00:10   6.0   0.0   1.8   2.5  17.5   22:03     W
18   7.6  10.6   09:52   4.4   23:28   7.4   0.0   1.4   2.8  16.3   06:23   WSW
19   7.8  10.7   22:57   2.9   01:48   7.2   0.0   0.0   2.6  18.8   17:07   SSE
20  12.5  15.6   13:45   9.9   06:04   2.6   0.0   0.0   2.5  16.3   12:16     S
21  11.3  14.7   14:27   8.6   23:58   3.7   0.0   0.0   0.6  10.0   00:09   SSE
22   8.6  11.2   12:25   6.6   06:52   6.4   0.0   0.6   0.1   6.3   10:02     W
23  10.2  14.4   14:06   5.5   05:56   4.8   0.0   0.2   2.3  30.0   20:11   WSW
24  12.9  16.6   13:16  10.6   07:53   2.3   0.2   0.0   2.5  16.3   12:00     W
25   9.3  12.4   01:02   4.7   23:57   5.7   0.0   0.0   1.3  15.0   00:59   WNW
26   4.7  11.5   15:25  -1.3   07:06  10.3   0.0   0.0   0.6  10.0   14:45   WNW
27   5.2  12.3   15:20  -1.1   07:09   9.8   0.0   0.0   0.5   7.5   12:33   NNE
28   4.5  10.4   15:17  -0.2   06:10  10.5   0.0   0.0   0.6  11.3   15:49     E
----------------------------------------------------------------------------------
     5.2  16.6    24    -4.8    11   273.4   0.2  35.0   1.9  30.0     7     NNW

Max >=  27.0:  0
Max <=   0.0:  2
Min <=   0.0: 11
Min <=  -5.0:  0
Max Rain: 11.2 on day 4
Days of Rain: 12 (>= 0.2 mm)  5 (>= 2.0 mm)  0 (>= 15.0 mm)
Heat Base: 15.0  Cool Base: 15.0  Method: Integration
:now::gauges::console::today/yesterday::month/year::records: noaa reports::annual data::wind map::monthly records::trends::longrange forecast::rainfall radar::webcam