High Wych Weather

NOAA Style Reports for High Wych, Hertfordshire


Report for 2021 Mar
                   Monthly Climatological Summary for Mar 2021

Name: High Wych Weather   City: High Wych, Sawbridgeworth   State: Herts
Elevation: 72 m  Lat: N 51° 48' 26"   Lon: E 000° 07' 20"

                  Temperature (°C), Rain (mm), Wind Speed (mph)

                                      Heat  Cool        Avg
    Mean                              Deg   Deg         Wind                 Dom
Day Temp  High   Time   Low    Time   Days  Days  Rain  Speed High   Time    Dir
----------------------------------------------------------------------------------
 1   4.9   8.6   14:34   2.2   00:00  10.1   0.0   0.0   1.4  13.8   12:31     E
 2   4.8   8.2   15:48   3.2   00:00  10.2   0.0   0.0   0.8   8.8   04:16   NNE
 3   4.5   6.0   13:59   3.4   09:54  10.5   0.0   7.6   0.0   5.0   14:19   ESE
 4   4.0   5.3   15:43   2.3   07:42  11.0   0.0   0.0   1.4  12.5   14:04   NNE
 5   3.1   5.4   14:40   0.2   06:01  11.9   0.0   0.0   2.0  13.8   10:28   NNE
 6   2.9   5.8   11:44  -0.6   03:18  12.1   0.0   0.0   0.7  10.0   11:20   NNE
 7   2.6   6.5   15:21   0.3   03:02  12.4   0.0   0.0   0.3  11.3   14:23    NW
 8   4.6   9.1   15:36   1.2   01:37  10.4   0.0   0.0   0.5  12.5   16:53   WNW
 9   6.6  13.1   15:12   1.6   07:20   8.4   0.0   0.0   1.6  10.0   11:39   WNW
10   7.3   9.8   23:40   5.9   00:00   7.6   0.0   2.8   3.7  20.0   16:10     W
11   8.2  11.5   13:13   3.9   23:51   6.8   0.0   3.6   6.6  25.0   00:55     W
12   6.7  10.7   15:25   3.4   00:45   8.3   0.0   0.8   4.6  17.5   08:13     W
13   5.9   9.6   15:18   3.3   20:26   9.1   0.0   2.2   5.5  22.5   11:05     W
14   6.9  10.1   11:34   4.2   00:00   8.1   0.0   1.2   4.5  22.5   10:54   WNW
15   7.7  10.2   16:13   3.8   23:51   7.3   0.0   0.8   2.8  17.5   10:18   WNW
16   7.7  11.8   10:58   3.7   01:25   7.3   0.0   1.6   2.9  28.8   17:46    NW
17   6.1   9.9   16:17   3.4   07:08   8.9   0.0   1.0   2.5  17.5   15:51    NW
18   6.3   8.0   21:13   3.6   00:27   8.7   0.0   0.4   2.2  20.0   21:49    NW
19   6.7  10.9   15:00   1.6   23:55   8.3   0.0   0.2   2.9  18.8   00:26   NNE
20   6.6   9.9   15:40   1.2   00:08   8.4   0.0   0.0   0.9  12.5   23:19   WNW
21   6.9  13.2   12:40   2.6   22:32   8.1   0.0   0.4   2.1  20.0   08:20     N
22   7.0  12.7   13:38   2.9   00:00   8.0   0.0   0.0   1.2  11.3   14:01   WNW
23   6.6  13.2   15:44   0.1   05:02   8.4   0.0   0.0   1.3  12.5   14:21     W
24   7.7  13.2   15:45   2.3   04:58   7.2   0.0   0.0   1.2  10.0   10:57     W
25   8.1  12.9   12:35   1.5   05:26   6.9   0.0   0.4   1.8  13.8   11:35     W
26   8.4  12.2   12:35   3.8   23:45   6.6   0.0   2.6   3.0  22.5   11:39   WSW
27   6.7  11.1   15:42   1.4   05:19   8.2   0.0   0.0   3.5  15.0   09:10     W
28  10.3  12.6   13:01   8.2   00:00   4.5   0.0   0.0   5.1  20.0   12:25     W
29  12.4  20.2   17:21   5.9   23:57   3.5   0.9   0.0   3.1  13.8   07:57     W
30  12.9  23.1   15:59   3.0   07:23   4.4   2.4   0.0   0.7  10.0   12:26   ESE
31  14.2  20.4   13:22   6.8   05:23   2.6   1.7   0.0   0.0   5.0   16:25   ESE
----------------------------------------------------------------------------------
     6.9  23.1    30    -0.6     6   254.2   5.0  25.6   2.3  28.8    16     WNW

Max >=  27.0:  0
Max <=   0.0:  0
Min <=   0.0:  1
Min <=  -5.0:  0
Max Rain: 7.6 on day 3
Days of Rain: 14 (>= 0.2 mm)  5 (>= 2.0 mm)  0 (>= 15.0 mm)
Heat Base: 15.0  Cool Base: 15.0  Method: Integration
:now::gauges::console::today/yesterday::month/year::records: noaa reports::annual data::wind map::monthly records::trends::longrange forecast::rainfall radar::webcam