High Wych Weather

NOAA Style Reports for High Wych, Hertfordshire


Report for 2021 Apr
                   Monthly Climatological Summary for Apr 2021

Name: High Wych Weather   City: High Wych, Sawbridgeworth   State: Herts
Elevation: 72 m  Lat: N 51° 48' 26"   Lon: E 000° 07' 20"

                  Temperature (°C), Rain (mm), Wind Speed (mph)

                                      Heat  Cool        Avg
    Mean                              Deg   Deg         Wind                 Dom
Day Temp  High   Time   Low    Time   Days  Days  Rain  Speed High   Time    Dir
----------------------------------------------------------------------------------
 1   9.1  13.4   13:57   5.1   21:40   5.9   0.0   0.0   4.1  18.8   12:58   NNE
 2   6.2   9.3   14:49   4.6   05:23   8.8   0.0   0.0   4.1  22.5   18:23   NNE
 3   6.3   8.7   15:32   4.3   01:11   8.7   0.0   0.0   3.7  21.3   09:24     N
 4   8.3  15.6   15:50   2.2   02:57   6.7   0.0   0.0   1.4   8.8   14:58     W
 5   5.2   8.9   00:00   1.0   21:46   9.8   0.0   0.0   4.1  26.3   06:12   WNW
 6   2.0   6.5   13:31  -1.9   23:53  13.0   0.0   0.0   3.2  22.5   19:02   WNW
 7   2.3   7.6   16:58  -3.1   02:30  12.7   0.0   0.0   2.4  17.5   12:05   WNW
 8   7.1  12.7   14:02   2.3   05:41   7.8   0.0   0.0   2.1  15.0   11:25     W
 9   7.7  13.7   14:40   4.0   06:18   7.3   0.0   0.0   1.5  12.5   15:05   WNW
10   5.6   8.3   11:43   1.7   23:31   9.4   0.0   0.0   2.3  16.3   14:45   NNE
11   3.2   8.6   14:05  -0.9   05:25  11.8   0.0   0.0   1.9  21.3   15:58    NW
12   3.6  10.2   16:10  -1.6   04:21  11.4   0.0   0.0   0.7  12.5   15:38    NW
13   5.4  12.7   14:36  -2.6   03:15   9.6   0.0   0.0   1.0  11.3   13:58   WNW
14   6.7  10.9   12:59   2.9   01:05   8.2   0.0   0.0   1.8  16.3   13:17     N
15   4.6  10.2   14:25  -0.6   06:17  10.4   0.0   0.2   2.0  16.3   11:02     N
16   5.1  12.0   16:35  -1.2   06:42   9.9   0.0   0.0   1.0  11.3   13:38   NNE
17   6.1  13.4   16:22  -1.6   06:44   8.9   0.0   0.0   1.5  16.3   15:12   NNE
18   7.8  15.5   17:50  -0.7   05:32   7.2   0.0   0.0   0.9  10.0   11:40     N
19   8.5  16.8   16:06   0.9   06:19   6.6   0.2   0.0   0.6   7.5   13:28     E
20   9.5  16.6   13:26   1.6   06:18   5.6   0.1   0.0   0.7   8.8   13:19    NE
21   8.4  13.2   15:24   3.0   23:57   6.6   0.0   0.0   2.2  16.3   13:30   NNE
22   6.9  13.7   15:41  -0.3   05:15   8.1   0.0   0.0   1.5  13.8   14:49     E
23   7.8  15.3   14:23   0.1   05:06   7.2   0.0   0.0   1.6  16.3   16:38   ESE
24   9.3  17.3   15:26   2.3   04:51   5.9   0.2   0.0   1.7  16.3   15:44   ENE
25   7.5  12.6   14:54   2.7   05:42   7.5   0.0   0.0   3.1  17.5   13:37   NNE
26   7.1  12.9   17:25   2.2   23:57   7.9   0.0   0.0   2.6  15.0   05:19   NNE
27   8.0  15.7   16:38  -0.2   05:43   7.0   0.0   0.0   0.8   8.8   15:23   ENE
28   9.0  13.4   12:48   4.4   06:37   6.0   0.0   0.0   2.6  25.0   12:33   NNE
29   6.9  11.1   17:53   2.1   06:05   8.1   0.0   0.0   2.2  16.3   08:38    NW
30   6.9  12.8   17:41  -0.2   04:10   8.1   0.0   0.0   1.3  12.5   09:29   NNW
----------------------------------------------------------------------------------
     6.6  17.3    24    -3.1     7   252.1   0.5   0.2   2.0  26.3     5       N

Max >=  27.0:  0
Max <=   0.0:  0
Min <=   0.0: 12
Min <=  -5.0:  0
Max Rain: 0.2 on day 15
Days of Rain: 1 (>= 0.2 mm)  0 (>= 2.0 mm)  0 (>= 15.0 mm)
Heat Base: 15.0  Cool Base: 15.0  Method: Integration
:now::gauges::console::today/yesterday::month/year::records: noaa reports::annual data::wind map::monthly records::trends::longrange forecast::rainfall radar::webcam