High Wych Weather

NOAA Style Reports for High Wych, Hertfordshire


Report for 2021 May
                   Monthly Climatological Summary for May 2021

Name: High Wych Weather   City: High Wych, Sawbridgeworth   State: Herts
Elevation: 72 m  Lat: N 51° 48' 26"   Lon: E 000° 07' 20"

                  Temperature (°C), Rain (mm), Wind Speed (mph)

                                      Heat  Cool        Avg
    Mean                              Deg   Deg         Wind                 Dom
Day Temp  High   Time   Low    Time   Days  Days  Rain  Speed High   Time    Dir
----------------------------------------------------------------------------------
 1   6.5  12.7   14:15   0.8   03:16   8.5   0.0   0.0   1.7  18.8   14:18   NNW
 2   7.4  14.4   16:58   0.6   03:07   7.6   0.0   0.6   0.7  10.0   13:05   WNW
 3   8.6  13.4   12:46   4.1   04:13   6.4   0.0   7.4   2.6  33.8   17:44     W
 4   8.4  12.5   13:45   4.4   22:32   6.6   0.0   2.2   5.1  25.0   11:56     W
 5   6.1  13.0   13:13   1.8   23:54   8.9   0.0   1.2   2.0  13.8   10:33   WNW
 6   6.0  11.8   18:04  -0.1   03:48   9.0   0.0   0.0   1.5  18.8   23:59   WNW
 7   8.8  14.5   15:17   1.6   05:28   6.2   0.0   0.0   1.9  12.5   00:01   WNW
 8  11.0  15.2   18:01   5.9   05:45   4.0   0.0  10.4   2.1  17.5   12:04     W
 9  16.2  21.3   12:49  11.9   05:47   0.8   1.9   0.0   2.1  17.5   12:39    SE
10  13.0  17.1   17:16   8.9   23:55   2.2   0.2   3.6   1.8  22.5   12:15     W
11  11.9  18.5   15:21   5.8   05:05   3.6   0.5   2.4   1.3  16.3   18:06   ESE
12  12.5  17.6   14:56   9.1   06:02   2.7   0.2   0.0   1.0  13.8   15:16     W
13  10.6  13.7   11:39   9.0   23:59   4.4   0.0  11.2   0.9  11.3   11:21   ENE
14   9.1  11.6   17:01   6.9   23:58   5.9   0.0   1.4   1.0  10.0   00:28   NNW
15   9.5  13.6   17:11   6.7   00:13   5.5   0.0   4.0   0.4   7.5   07:32     E
16  10.8  16.2   15:12   6.8   04:03   4.2   0.0  27.6   0.6  11.3   14:33   NNE
17  10.4  14.6   13:12   7.9   22:47   4.6   0.0   9.0   1.0  16.3   13:50   WNW
18  10.4  17.2   14:24   4.8   05:45   4.7   0.0   4.0   0.6  10.0   14:33   WNW
19  11.2  17.9   15:57   7.7   23:58   4.0   0.2   2.8   1.3  13.8   11:42   WNW
20  10.1  13.5   14:45   4.9   05:22   4.9   0.0   0.4   2.3  23.8   14:26    SE
21  10.5  12.2   11:01   9.1   23:29   4.5   0.0   5.4   3.4  20.0   10:35   WNW
22   9.7  14.2   15:15   8.1   05:54   5.3   0.0   5.4   1.6  11.3   05:15   WNW
23   9.5  12.8   17:06   3.7   05:55   5.5   0.0   6.0   1.8  25.0   20:48     E
24   9.4  14.4   15:49   5.6   05:14   5.6   0.0  10.0   1.1  20.0   10:06   WNW
25  10.1  16.3   16:53   5.6   03:45   4.9   0.0   0.4   1.7  13.8   14:17   WNW
26   9.7  16.7   13:50   4.1   04:14   5.3   0.0   0.2   1.7  16.3   14:38   WNW
27  12.8  20.2   17:23   5.6   05:24   3.3   1.1   0.0   1.2  10.0   13:59   NNE
28  14.2  20.2   12:24   8.8   04:34   2.2   1.3   0.0   0.7  10.0   13:24     E
29  15.1  21.4   15:06   9.9   23:59   1.7   1.8   0.0   1.2  12.5   17:03   ENE
30  12.6  20.6   15:44   7.7   05:44   3.6   1.2   0.0   1.4  12.5   15:58    NE
31  15.2  23.4   15:56   6.7   04:37   2.7   3.0   0.0   1.6  12.5   14:10     E
----------------------------------------------------------------------------------
    10.6  23.4    31    -0.1     6   149.3  11.4 115.6   1.6  33.8     3     WNW

Max >=  27.0:  0
Max <=   0.0:  0
Min <=   0.0:  1
Min <=  -5.0:  0
Max Rain: 27.6 on day 16
Days of Rain: 21 (>= 0.2 mm)  15 (>= 2.0 mm)  1 (>= 15.0 mm)
Heat Base: 15.0  Cool Base: 15.0  Method: Integration
:now::gauges::console::today/yesterday::month/year::records: noaa reports::annual data::wind map::monthly records::trends::longrange forecast::rainfall radar::webcam