High Wych Weather

NOAA Style Reports for High Wych, Hertfordshire


Report for 2021 Jun
                   Monthly Climatological Summary for Jun 2021

Name: High Wych Weather   City: High Wych, Sawbridgeworth   State: Herts
Elevation: 72 m  Lat: N 51° 48' 26"   Lon: E 000° 07' 20"

                  Temperature (°C), Rain (mm), Wind Speed (mph)

                                      Heat  Cool        Avg
    Mean                              Deg   Deg         Wind                 Dom
Day Temp  High   Time   Low    Time   Days  Days  Rain  Speed High   Time    Dir
----------------------------------------------------------------------------------
 1  17.9  25.2   13:04   9.4   04:36   1.4   4.3   0.0   1.7  17.5   15:03   ENE
 2  19.1  26.7   14:02  11.2   04:46   0.9   5.0   0.0   1.6  13.8   13:41   ENE
 3  19.5  24.5   16:27  15.2   23:56   0.0   4.5   0.0   1.3  10.0   17:20   WNW
 4  13.7  16.5   09:07  11.6   05:22   1.3   0.1  17.2   0.8  11.3   13:55   WNW
 5  16.9  23.1   16:33  11.8   02:52   1.0   2.9   0.2   0.8  10.0   12:20   WNW
 6  17.2  22.9   15:00  11.5   04:29   0.8   3.0   0.0   0.5   7.5   16:29     W
 7  18.7  23.9   14:36  14.2   05:09   0.1   3.7   9.0   0.8  11.3   12:47   ENE
 8  18.4  25.2   17:27  11.4   04:05   0.7   4.1   0.0   0.9   8.8   12:21   WNW
 9  18.9  25.8   16:48  11.6   05:43   0.6   4.6   0.0   1.3  11.3   18:16   WNW
10  18.8  24.2   14:46  14.4   04:44   0.0   3.9   0.0   1.0   7.5   10:45   WNW
11  19.2  24.6   15:32  15.9   01:03   0.0   4.2   0.0   2.0  15.0   16:30   WNW
12  18.1  24.1   20:30  13.2   05:32   0.2   3.4   0.0   2.0  11.3   09:21   WNW
13  19.8  28.9   17:47  11.1   04:44   0.8   5.6   0.0   0.7   8.8   11:56    NW
14  20.8  27.1   13:59  14.5   04:47   0.0   5.8   0.0   1.2  11.3   10:26   WNW
15  18.0  24.3   16:19  13.3   05:22   0.3   3.3   0.0   1.0   8.8   18:09   ENE
16  20.8  28.0   17:54  13.1   05:07   0.4   6.2   7.2   0.8   8.8   11:37   WNW
17  18.1  20.4   16:10  15.4   23:37   0.0   3.1   9.6   0.6  12.5   10:28    NW
18  13.7  15.4   00:00  11.3   23:45   1.3   0.0  20.0   1.5  20.0   13:32   NNW
19  12.8  15.0   14:24  11.1   01:31   2.2   0.0   0.2   1.0  13.8   00:06   NNE
20  13.7  16.7   12:25  11.7   04:13   1.5   0.2   0.2   0.8  15.0   18:06   NNE
21  12.0  13.2   15:01   9.7   04:30   3.0   0.0   4.8   1.3  15.0   07:55   NNE
22  13.1  16.4   13:13   8.4   23:56   2.2   0.3   0.2   1.3  16.3   12:02     N
23  14.5  23.4   17:10   6.3   05:22   2.8   2.3   0.0   0.7  10.0   12:24     N
24  15.1  20.5   11:47   7.7   05:14   2.0   2.1   0.0   1.6  11.3   12:27   WNW
25  16.2  20.9   17:33  12.8   23:53   0.4   1.6   4.6   1.3  12.5   11:28   WNW
26  17.0  22.7   14:06  12.7   00:01   0.6   2.7   0.0   1.2  10.0   14:45   ENE
27  16.8  21.2   16:37  14.1   00:00   0.1   1.9   2.6   2.0  17.5   09:18    NE
28  15.7  17.8   17:25  14.4   01:21   0.2   0.8   2.0   0.4   8.8   00:33    NE
29  15.0  17.7   11:07  12.3   23:57   0.5   0.6   0.0   0.4  11.3   17:09   WNW
30  13.7  16.2   18:43  12.1   03:46   1.4   0.1   0.0   1.5  13.8   12:40   WNW
----------------------------------------------------------------------------------
    16.8  28.9    13     6.3    23    26.7  80.3  77.8   1.1  20.0    18     NNW

Max >=  27.0:  3
Max <=   0.0:  0
Min <=   0.0:  0
Min <=  -5.0:  0
Max Rain: 20.0 on day 18
Days of Rain: 13 (>= 0.2 mm)  9 (>= 2.0 mm)  2 (>= 15.0 mm)
Heat Base: 15.0  Cool Base: 15.0  Method: Integration
:now::gauges::console::today/yesterday::month/year::records: noaa reports::annual data::wind map::monthly records::trends::longrange forecast::rainfall radar::webcam