High Wych Weather

NOAA Style Reports for High Wych, Hertfordshire


Report for 2021 Jul
                   Monthly Climatological Summary for Jul 2021

Name: High Wych Weather   City: High Wych, Sawbridgeworth   State: Herts
Elevation: 72 m  Lat: N 51° 48' 26"   Lon: E 000° 07' 20"

                  Temperature (°C), Rain (mm), Wind Speed (mph)

                                      Heat  Cool        Avg
    Mean                              Deg   Deg         Wind                 Dom
Day Temp  High   Time   Low    Time   Days  Days  Rain  Speed High   Time    Dir
----------------------------------------------------------------------------------
 1  15.2  22.6   17:59   9.4   04:10   1.7   1.8   0.0   1.1  11.3   12:34   WNW
 2  18.4  24.8   14:36  12.0   02:45   0.7   4.2   0.0   0.4  10.0   13:56   WNW
 3  17.8  21.3   19:38  15.0   05:08   0.0   2.8   1.4   0.0   7.5   02:01   ---
 4  17.3  22.3   15:41  13.9   03:57   0.1   2.4   1.4   0.7  16.3   12:40     E
 5  16.4  21.8   14:34  13.6   05:44   0.4   1.8   3.4   0.3  11.3   13:41    NW
 6  14.7  18.1   15:46  12.8   23:48   0.7   0.4  15.8   0.6  16.3   07:33   WNW
 7  16.6  21.3   18:50  12.6   00:55   0.5   2.1   0.0   0.0  12.5   15:25    NW
 8  16.6  21.8   12:13  12.4   03:06   0.5   2.1   1.8   0.0   7.5   13:47   WNW
 9  17.6  22.2   14:51  14.0   05:27   0.1   2.7  12.4   0.0   8.8   13:43   WNW
10  15.4  20.7   17:04  12.5   05:06   0.7   1.2   0.6   0.0   0.0   00:00   ---
11  16.9  21.6   16:02  12.6   06:13   0.4   2.3   0.8   0.0  11.3   13:59   ---
12  16.9  23.9   14:16  13.8   05:20   0.3   2.2  31.0   0.0   2.5   09:49   ---
13  17.8  22.8   14:31  14.1   23:55   0.0   2.8   0.0   0.2  13.8   12:21   WNW
14  18.0  24.6   16:42  12.6   03:13   0.5   3.4   0.0   0.7  13.8   13:50   WNW
15  16.7  20.8   14:41  11.6   23:59   0.5   2.2   0.0   1.4  15.0   12:22   WNW
16  18.1  26.8   16:17   8.6   04:50   1.7   4.7   0.0   0.8  15.0   13:15   NNW
17  20.8  28.6   19:08  12.7   05:21   0.3   6.1   0.0   0.5  10.0   16:42   NNE
18  23.1  32.3   19:05  14.1   04:39   0.1   8.1   0.0   0.4   7.5   12:26    NW
19  22.5  30.2   14:59  16.2   05:12   0.0   7.5   0.0   0.5  10.0   17:37    NE
20  21.3  30.7   14:00  15.4   04:45   0.0   6.3   1.8   0.9  17.5   16:05   ENE
21  22.1  30.1   16:09  14.9   05:26   0.0   7.1   0.2   0.5  10.0   16:44   ENE
22  21.1  28.7   14:36  14.2   05:06   0.1   6.2   0.0   0.7  10.0   19:33     E
23  17.6  23.6   14:51  13.1   05:21   0.3   2.9   0.0   1.9  15.0   12:33    NE
24  17.3  22.7   16:21  13.1   05:06   0.3   2.6   1.4   1.8  18.8   01:56    NE
25  17.5  22.2   14:52  15.3   00:37   0.0   2.5  47.6   0.4  12.5   12:50   WNW
26  19.3  25.2   16:44  15.1   05:15   0.0   4.3   0.0   0.4   7.5   17:57   WNW
27  18.2  22.1   17:12  15.7   21:59   0.0   3.2   0.8   1.0  10.0   13:14   WNW
28  16.4  19.6   12:00  11.7   23:54   0.3   1.6   7.2   2.1  13.8   17:01   WNW
29  15.9  22.0   16:54  10.7   04:28   1.3   2.1   0.2   2.6  15.0   15:20   WNW
30  15.2  18.7   14:52  13.2   04:07   0.4   0.5   6.0   2.9  25.0   15:19    NW
31  15.7  20.9   14:03  13.1   04:44   0.5   1.1   6.2   2.1  15.0   00:55   WNW
----------------------------------------------------------------------------------
    17.9  32.3    18     8.6    16    12.4 101.2 140.0   0.8  25.0    30      NW

Max >=  27.0:  6
Max <=   0.0:  0
Min <=   0.0:  0
Min <=  -5.0:  0
Max Rain: 47.6 on day 25
Days of Rain: 18 (>= 0.2 mm)  8 (>= 2.0 mm)  3 (>= 15.0 mm)
Heat Base: 15.0  Cool Base: 15.0  Method: Integration
:now::gauges::console::today/yesterday::month/year::records: noaa reports::annual data::wind map::monthly records::trends::longrange forecast::rainfall radar::webcam