High Wych Weather

NOAA Style Reports for High Wych, Hertfordshire


Report for 2021 Aug
                   Monthly Climatological Summary for Aug 2021

Name: High Wych Weather   City: High Wych, Sawbridgeworth   State: Herts
Elevation: 72 m  Lat: N 51° 48' 26"   Lon: E 000° 07' 20"

                  Temperature (°C), Rain (mm), Wind Speed (mph)

                                      Heat  Cool        Avg
    Mean                              Deg   Deg         Wind                 Dom
Day Temp  High   Time   Low    Time   Days  Days  Rain  Speed High   Time    Dir
----------------------------------------------------------------------------------
 1  15.3  18.4   13:02  13.0   23:55   0.6   0.9   1.8   1.0  10.0   16:00    NW
 2  15.2  20.5   13:17  10.9   06:20   1.2   1.4   0.0   0.3  10.0   16:20     E
 3  16.3  22.2   15:40  11.6   06:12   0.8   2.1   0.0   0.8  11.3   11:39     E
 4  16.9  23.9   16:19   9.9   04:45   1.3   3.2   0.0   0.5   8.8   17:05     E
 5  16.2  21.4   12:12  11.7   05:38   0.8   2.0   4.4   1.5  17.5   12:53     E
 6  17.0  22.5   14:38  13.6   00:00   0.1   2.1   1.4   2.0  17.5   15:29   WNW
 7  15.4  20.1   15:58  12.8   02:24   0.6   1.0  14.4   1.4  16.3   15:57   WNW
 8  15.2  20.5   16:25  12.2   23:30   0.8   1.0   1.6   2.5  13.8   02:56   WNW
 9  14.9  20.3   13:07  11.9   03:55   1.0   0.9   4.8   0.9  11.3   13:04   WNW
10  17.3  23.4   17:25  11.8   05:51   0.6   3.0   0.4   1.3  10.0   11:01   WNW
11  17.9  24.2   16:45  12.0   05:30   0.6   3.5   0.0   1.2  12.5   10:28   WNW
12  18.2  21.8   17:47  15.5   23:28   0.0   3.2   0.0   1.1  12.5   17:52   WNW
13  16.9  21.6   17:15  12.7   06:09   0.5   2.4   0.0   1.5  12.5   14:32   WNW
14  18.5  24.1   16:55  12.9   05:21   0.3   3.8   0.0   1.5  11.3   11:56   WNW
15  17.6  24.1   15:04  13.0   05:29   0.2   2.9   0.0   2.1  13.8   16:43   WNW
16  14.6  18.1   17:24  11.1   23:44   1.0   0.5   1.2   5.2  20.0   09:40   WNW
17  14.1  17.2   17:13   9.1   02:56   1.5   0.7   2.2   2.2  12.5   13:15   WNW
18  17.7  22.1   15:45  14.6   02:59   0.1   2.7   0.0   3.4  22.5   11:36   WNW
19  17.4  21.8   15:41  14.3   06:51   0.1   2.5   0.0   1.8  10.0   08:44   WNW
20  17.5  21.4   17:36  14.7   02:50   0.0   2.5   0.0   0.8   7.5   15:22   WNW
21  16.8  20.2   17:47  14.4   04:04   0.1   1.9   1.2   0.0   5.0   17:58   ESE
22  16.8  20.4   14:46  14.1   02:10   0.1   1.9  12.6   2.5  16.3   14:16   WNW
23  16.4  21.4   16:33  11.6   23:38   0.3   1.8   0.0   0.1   7.5   00:13   NNE
24  16.4  23.6   16:01  11.0   06:04   1.2   2.6   0.0   1.0  15.0   16:18    NE
25  16.6  22.4   14:14  12.1   04:13   0.8   2.3   0.0   0.4   8.8   14:17     N
26  15.5  17.6   14:27  12.7   23:55   0.2   0.8   0.0   1.1  13.8   14:32    NW
27  14.8  19.8   16:20  10.4   23:57   1.5   1.3   0.0   0.8  10.0   13:22   WNW
28  14.8  20.1   14:57  10.4   00:05   1.6   1.4   0.0   0.5  13.8   15:30   NNE
29  13.8  18.4   13:41   8.3   06:46   2.0   0.8   0.0   0.5   8.8   16:24   NNE
30  14.6  15.9   13:04  13.0   05:45   0.6   0.2   0.0   0.4   7.5   01:59     N
31  14.8  18.3   14:39  12.8   06:18   0.8   0.6   0.0   0.3   6.3   10:54   NNE
----------------------------------------------------------------------------------
    16.2  24.2    11     8.3    29    21.3  57.9  46.0   1.3  22.5    18     WNW

Max >=  27.0:  0
Max <=   0.0:  0
Min <=   0.0:  0
Min <=  -5.0:  0
Max Rain: 14.4 on day 7
Days of Rain: 11 (>= 0.2 mm)  5 (>= 2.0 mm)  0 (>= 15.0 mm)
Heat Base: 15.0  Cool Base: 15.0  Method: Integration
:now::gauges::console::today/yesterday::month/year::records: noaa reports::annual data::wind map::monthly records::trends::longrange forecast::rainfall radar::webcam