High Wych Weather

NOAA Style Reports for High Wych, Hertfordshire


Report for 2021 Sep
                   Monthly Climatological Summary for Sep 2021

Name: High Wych Weather   City: High Wych, Sawbridgeworth   State: Herts
Elevation: 72 m  Lat: N 51° 48' 26"   Lon: E 000° 07' 20"

                  Temperature (°C), Rain (mm), Wind Speed (mph)

                                      Heat  Cool        Avg
    Mean                              Deg   Deg         Wind                 Dom
Day Temp  High   Time   Low    Time   Days  Days  Rain  Speed High   Time    Dir
----------------------------------------------------------------------------------
 1  15.2  17.9   13:23  13.1   04:12   0.6   0.8   0.0   0.2   7.5   14:57    NE
 2  15.7  19.1   16:34  13.7   06:57   0.4   1.0   0.0   0.6  11.3   16:39    NE
 3  16.9  22.8   16:17  12.4   23:59   0.3   2.2   0.0   0.4   8.8   09:46   ENE
 4  15.1  18.7   16:49  10.8   01:56   1.0   1.1   0.0   0.5  10.0   14:39   ENE
 5  17.8  25.4   16:18  12.2   03:07   0.7   3.6   0.0   0.5  11.3   12:35     E
 6  19.5  28.0   16:40  11.6   06:48   0.7   5.2   0.0   0.1   6.3   16:11    NE
 7  20.9  29.0   14:08  13.9   06:34   0.1   6.0   0.0   0.5  10.0   15:01     E
 8  20.9  28.4   14:04  15.4   02:14   0.0   5.9   0.8   1.3  13.8   13:03   ENE
 9  18.7  23.2   14:33  15.6   03:26   0.0   3.7   3.4   0.9  13.8   17:12   ENE
10  17.9  21.2   16:29  15.9   01:44   0.0   2.9   7.2   0.8   8.8   12:34   WNW
11  18.0  22.6   13:39  12.8   23:55   0.1   3.1   0.0   1.5  11.3   14:53   WNW
12  15.9  22.6   13:07  10.3   06:33   1.3   2.3   0.0   0.2   7.5   21:52   NNE
13  15.6  20.9   14:47  11.3   05:42   1.0   1.6   0.0   0.9  10.0   13:47     E
14  15.8  18.0   17:48  14.4   01:19   0.1   0.9  39.8   0.4   8.8   05:57    NE
15  15.4  20.6   17:54  11.9   23:58   0.5   1.0   0.0   0.4  11.3   13:30   WNW
16  15.4  22.6   15:17   9.2   04:55   1.7   2.2   0.0   0.6   7.5   12:52    NW
17  16.2  21.1   13:57  11.9   03:58   0.8   2.0   0.0   0.5  10.0   13:56     W
18  17.4  23.7   13:00  12.5   06:15   0.7   3.1   0.0   0.5  10.0   11:37   ESE
19  16.7  20.9   11:12  14.7   03:54   0.0   1.8   0.2   1.0  12.5   17:26   WSW
20  15.3  19.2   14:53  12.4   08:02   0.8   1.0   0.0   1.3  12.5   12:38   WNW
21  14.3  20.9   15:23   7.8   06:32   2.3   1.6   0.0   0.4   8.8   16:10   WNW
22  14.7  21.7   15:11   8.6   06:08   2.2   1.9   0.0   1.1  12.5   15:30   WNW
23  15.5  21.9   15:24   9.5   04:45   1.6   2.1   0.0   2.0  15.0   13:01   WNW
24  16.7  23.3   16:56  11.9   06:23   0.9   2.6   0.0   1.1  10.0   14:44   WNW
25  15.9  18.1   17:52  13.2   23:16   0.2   1.1   0.0   0.1   5.0   13:40   WNW
26  16.3  21.6   15:04  12.4   01:30   0.8   2.0   0.0   0.8  10.0   12:46     W
27  14.9  17.6   16:19  10.7   22:07   0.8   0.7   4.0   3.2  20.0   10:18   WNW
28  13.3  17.7   14:32   9.8   04:34   2.3   0.5  18.0   1.7  17.5   15:25   ENE
29  10.4  14.2   13:09   6.4   23:54   4.6   0.0   1.0   4.1  25.0   11:53   WNW
30  11.3  15.3   13:41   5.4   03:23   3.7   0.0   2.2   1.7  18.8   21:38   WNW
----------------------------------------------------------------------------------
    16.1  29.0     7     5.4    30    30.2  63.9  76.6   1.0  25.0    29      NW

Max >=  27.0:  3
Max <=   0.0:  0
Min <=   0.0:  0
Min <=  -5.0:  0
Max Rain: 39.8 on day 14
Days of Rain: 9 (>= 0.2 mm)  6 (>= 2.0 mm)  2 (>= 15.0 mm)
Heat Base: 15.0  Cool Base: 15.0  Method: Integration
:now::gauges::console::today/yesterday::month/year::records: noaa reports::annual data::wind map::monthly records::trends::longrange forecast::rainfall radar::webcam