High Wych Weather

NOAA Style Reports for High Wych, Hertfordshire


Report for 2021 Oct
                   Monthly Climatological Summary for Oct 2021

Name: High Wych Weather   City: High Wych, Sawbridgeworth   State: Herts
Elevation: 72 m  Lat: N 51° 48' 26"   Lon: E 000° 07' 20"

                  Temperature (°C), Rain (mm), Wind Speed (mph)

                                      Heat  Cool        Avg
    Mean                              Deg   Deg         Wind                 Dom
Day Temp  High   Time   Low    Time   Days  Days  Rain  Speed High   Time    Dir
----------------------------------------------------------------------------------
 1  13.6  17.2   15:47   7.7   23:53   1.7   0.3   4.0   2.3  16.3   16:26   WNW
 2  10.7  14.4   20:18   6.3   01:51   4.3   0.0  16.8   1.7  16.3   16:57   ESE
 3  11.8  16.4   14:52   9.1   07:34   3.3   0.1   0.0   1.6  13.8   14:05   WNW
 4  12.3  16.6   13:35   9.6   07:50   2.8   0.1   1.4   1.4  13.8   15:33   WNW
 5  11.8  14.3   16:01   9.4   23:04   3.2   0.0  18.8   4.6  22.5   21:13   WNW
 6  11.8  16.5   15:12   9.7   02:35   3.3   0.1   0.0   5.9  26.3   10:48   WNW
 7  14.5  17.6   15:33  10.6   00:00   1.2   0.7   0.0   0.3   6.3   09:47    NW
 8  15.3  17.3   14:30  11.1   23:50   0.4   0.6   0.0   0.0   3.8   12:55   SSE
 9  12.3  20.6   16:33   5.8   08:00   3.7   1.0   0.0   0.0   0.0   00:00   ---
10  12.1  18.5   16:01   7.4   04:37   3.4   0.4   0.2   0.0   0.0   00:00   ---
11  10.2  15.8   15:42   6.2   06:28   4.8   0.0   0.0   0.5  12.5   13:40   WNW
12  10.7  14.8   16:25   6.8   02:32   4.3   0.0   5.0   1.7  15.0   11:11   WNW
13  10.2  15.5   14:07   5.1   04:57   4.8   0.0   0.2   0.6   7.5   11:59   WNW
14  12.4  15.8   14:52   8.9   08:10   2.6   0.1   0.0   1.5  11.3   13:40   WNW
15  11.4  16.9   16:40   6.6   23:46   3.6   0.0   0.0   0.7   8.8   00:50   WNW
16   9.5  14.2   15:22   5.4   05:22   5.5   0.0   1.0   0.1   6.3   15:05   SSE
17  11.9  16.6   13:59   8.7   02:25   3.2   0.1   0.4   0.3   7.5   12:04   NNW
18  12.7  16.4   13:31   8.0   03:26   2.5   0.2   2.6   0.8  11.3   19:25   ESE
19  17.1  19.6   13:23  15.5   00:00   0.0   2.1   3.2   2.5  20.0   15:29     W
20  14.3  17.2   12:23   9.7   23:09   1.0   0.3  30.2   2.5  18.8   12:49   WNW
21   7.8  10.8   16:00   4.2   21:49   7.2   0.0   4.8   5.0  23.8   00:43   WNW
22   8.2  12.6   15:42   3.6   03:09   6.8   0.0   0.0   3.0  17.5   10:01   WNW
23  10.1  12.9   14:11   7.0   02:39   4.9   0.0   0.0   0.5   7.5   14:32   ESE
24  12.3  14.8   15:13  10.7   00:00   2.7   0.0   0.0   1.4  12.5   11:59   ESE
25  11.8  15.9   15:19   7.6   23:42   3.2   0.0   0.0   1.6  11.3   16:01   WNW
26  12.0  16.0   15:22   7.3   00:36   3.1   0.1   0.2   1.7  15.0   13:16     W
27  14.5  16.8   15:38  12.8   23:41   0.7   0.2   0.0   2.8  20.0   10:37     W
28  13.0  16.0   13:03  10.9   07:35   2.1   0.1   0.0   1.8  16.3   04:08   ESE
29  12.4  14.4   12:35   8.9   22:33   2.6   0.0   5.4   2.5  18.8   10:00   ESE
30  10.2  13.7   15:05   7.6   23:53   4.7   0.0   3.0   1.3  12.5   09:25   WNW
31  10.4  14.1   14:19   6.8   01:28   4.8   0.0   8.8   2.9  26.3   14:35     W
----------------------------------------------------------------------------------
    11.9  20.6     9     3.6    22   102.4   6.5 106.0   1.7  26.3     6     WNW

Max >=  27.0:  0
Max <=   0.0:  0
Min <=   0.0:  0
Min <=  -5.0:  0
Max Rain: 30.2 on day 20
Days of Rain: 17 (>= 0.2 mm)  11 (>= 2.0 mm)  3 (>= 15.0 mm)
Heat Base: 15.0  Cool Base: 15.0  Method: Integration
:now::gauges::console::today/yesterday::month/year::records: noaa reports::annual data::wind map::monthly records::trends::longrange forecast::rainfall radar::webcam